[INFO] cloning repository https://github.com/cjdelisle/conduit
[INFO] running `Command { std: "git" "-c" "credential.helper=" "-c" "credential.helper=/workspace/cargo-home/bin/git-credential-null" "clone" "--bare" "https://github.com/cjdelisle/conduit" "/workspace/cache/git-repos/https%3A%2F%2Fgithub.com%2Fcjdelisle%2Fconduit", kill_on_drop: false }`
[INFO] [stderr] Cloning into bare repository '/workspace/cache/git-repos/https%3A%2F%2Fgithub.com%2Fcjdelisle%2Fconduit'...
[INFO] running `Command { std: "git" "rev-parse" "HEAD", kill_on_drop: false }`
[INFO] [stdout] 0066f20bddb510308bdea9afbf3c19802e92a553
[INFO] checking cjdelisle/conduit against master#9610dfe5a9a731ced1ea4923ecbd0c57fe367898 for beta-170-4
[INFO] running `Command { std: "git" "clone" "/workspace/cache/git-repos/https%3A%2F%2Fgithub.com%2Fcjdelisle%2Fconduit" "/workspace/builds/worker-7-tc1/source", kill_on_drop: false }`
[INFO] [stderr] Cloning into '/workspace/builds/worker-7-tc1/source'...
[INFO] [stderr] done.
[INFO] validating manifest of git repo https://github.com/cjdelisle/conduit on toolchain 9610dfe5a9a731ced1ea4923ecbd0c57fe367898
[INFO] running `Command { std: CARGO_HOME="/workspace/cargo-home" RUSTUP_HOME="/workspace/rustup-home" "/workspace/cargo-home/bin/cargo" "+9610dfe5a9a731ced1ea4923ecbd0c57fe367898" "metadata" "--manifest-path" "Cargo.toml" "--no-deps", kill_on_drop: false }`
[INFO] started tweaking git repo https://github.com/cjdelisle/conduit
[INFO] finished tweaking git repo https://github.com/cjdelisle/conduit
[INFO] tweaked toml for git repo https://github.com/cjdelisle/conduit written to /workspace/builds/worker-7-tc1/source/Cargo.toml
[INFO] crate git repo https://github.com/cjdelisle/conduit already has a lockfile, it will not be regenerated
[INFO] running `Command { std: CARGO_HOME="/workspace/cargo-home" RUSTUP_HOME="/workspace/rustup-home" "/workspace/cargo-home/bin/cargo" "+9610dfe5a9a731ced1ea4923ecbd0c57fe367898" "fetch" "--manifest-path" "Cargo.toml", kill_on_drop: false }`
[INFO] [stderr]     Updating crates.io index
[INFO] [stderr]     Updating git repository `https://github.com/timokoesters/heed.git`
[INFO] [stderr]     Updating git repository `https://github.com/timokoesters/reqwest`
[INFO] [stderr]     Updating git repository `https://github.com/ruma/ruma`
[INFO] [stderr]     Blocking waiting for file lock on package cache
[INFO] [stderr]  Downloading crates ...
[INFO] [stderr]   Downloaded rusqlite v0.25.4
[INFO] [stderr]   Downloaded headers v0.3.5
[INFO] [stderr]   Downloaded opentelemetry-semantic-conventions v0.8.0
[INFO] [stderr]   Downloaded opentelemetry v0.16.0
[INFO] [stderr]   Downloaded tikv-jemalloc-ctl v0.4.2
[INFO] [stderr]   Downloaded tikv-jemallocator v0.4.1
[INFO] [stderr]   Downloaded zigzag v0.1.0
[INFO] [stderr]   Downloaded axum-server v0.3.3
[INFO] [stderr]   Downloaded indoc v1.0.3
[INFO] [stderr]   Downloaded js_int v0.2.1
[INFO] [stderr]   Downloaded tower-http v0.2.1
[INFO] [stderr]   Downloaded axum-core v0.2.0
[INFO] [stderr]   Downloaded opentelemetry-jaeger v0.15.0
[INFO] [stderr]   Downloaded lmdb-rkv-sys v0.11.0
[INFO] [stderr]   Downloaded async-compression v0.3.8
[INFO] [stderr]   Downloaded axum v0.5.0
[INFO] [stderr]   Downloaded persy v1.2.1
[INFO] [stderr]   Downloaded synchronoise v1.0.0
[INFO] [stderr]   Downloaded tikv-jemalloc-sys v0.4.2+5.2.1-patched.2
[INFO] running `Command { std: "docker" "create" "-v" "/var/lib/crater-agent-workspace/builds/worker-7-tc1/target:/opt/rustwide/target:rw,Z" "-v" "/var/lib/crater-agent-workspace/builds/worker-7-tc1/source:/opt/rustwide/workdir:ro,Z" "-v" "/var/lib/crater-agent-workspace/cargo-home:/opt/rustwide/cargo-home:ro,Z" "-v" "/var/lib/crater-agent-workspace/rustup-home:/opt/rustwide/rustup-home:ro,Z" "-e" "SOURCE_DIR=/opt/rustwide/workdir" "-e" "CARGO_TARGET_DIR=/opt/rustwide/target" "-e" "CARGO_HOME=/opt/rustwide/cargo-home" "-e" "RUSTUP_HOME=/opt/rustwide/rustup-home" "-w" "/opt/rustwide/workdir" "-m" "1610612736" "--user" "0:0" "--network" "none" "ghcr.io/rust-lang/crates-build-env/linux@sha256:19e73879b68f455e41552ea35293514db52ea292d993f571636dbffedb77a1ee" "/opt/rustwide/cargo-home/bin/cargo" "+9610dfe5a9a731ced1ea4923ecbd0c57fe367898" "metadata" "--no-deps" "--format-version=1", kill_on_drop: false }`
[INFO] [stdout] fd876525eb0e3b4bbba3f9f42a54be72e87d50fd4f7535e0ef78e957c0d8e4d7
[INFO] running `Command { std: "docker" "start" "-a" "fd876525eb0e3b4bbba3f9f42a54be72e87d50fd4f7535e0ef78e957c0d8e4d7", kill_on_drop: false }`
[INFO] running `Command { std: "docker" "inspect" "fd876525eb0e3b4bbba3f9f42a54be72e87d50fd4f7535e0ef78e957c0d8e4d7", kill_on_drop: false }`
[INFO] running `Command { std: "docker" "rm" "-f" "fd876525eb0e3b4bbba3f9f42a54be72e87d50fd4f7535e0ef78e957c0d8e4d7", kill_on_drop: false }`
[INFO] [stdout] fd876525eb0e3b4bbba3f9f42a54be72e87d50fd4f7535e0ef78e957c0d8e4d7
[INFO] running `Command { std: "docker" "create" "-v" "/var/lib/crater-agent-workspace/builds/worker-7-tc1/target:/opt/rustwide/target:rw,Z" "-v" "/var/lib/crater-agent-workspace/builds/worker-7-tc1/source:/opt/rustwide/workdir:ro,Z" "-v" "/var/lib/crater-agent-workspace/cargo-home:/opt/rustwide/cargo-home:ro,Z" "-v" "/var/lib/crater-agent-workspace/rustup-home:/opt/rustwide/rustup-home:ro,Z" "-e" "SOURCE_DIR=/opt/rustwide/workdir" "-e" "CARGO_TARGET_DIR=/opt/rustwide/target" "-e" "CARGO_INCREMENTAL=0" "-e" "RUST_BACKTRACE=full" "-e" "RUSTFLAGS=--cap-lints=forbid" "-e" "RUSTDOCFLAGS=--cap-lints=forbid" "-e" "CARGO_HOME=/opt/rustwide/cargo-home" "-e" "RUSTUP_HOME=/opt/rustwide/rustup-home" "-w" "/opt/rustwide/workdir" "-m" "1610612736" "--user" "0:0" "--network" "none" "ghcr.io/rust-lang/crates-build-env/linux@sha256:19e73879b68f455e41552ea35293514db52ea292d993f571636dbffedb77a1ee" "/opt/rustwide/cargo-home/bin/cargo" "+9610dfe5a9a731ced1ea4923ecbd0c57fe367898" "check" "--frozen" "--all" "--all-targets" "--message-format=json", kill_on_drop: false }`
[INFO] [stdout] 431ce1bce3dd78ac459b5dfc5ef01c4f335d131e95d5eb360bbb27a74d3f466f
[INFO] running `Command { std: "docker" "start" "-a" "431ce1bce3dd78ac459b5dfc5ef01c4f335d131e95d5eb360bbb27a74d3f466f", kill_on_drop: false }`
[INFO] [stderr]    Compiling proc-macro2 v1.0.36
[INFO] [stderr]    Compiling unicode-xid v0.2.2
[INFO] [stderr]    Compiling syn v1.0.86
[INFO] [stderr]    Compiling libc v0.2.113
[INFO] [stderr]     Checking cfg-if v1.0.0
[INFO] [stderr]    Compiling version_check v0.9.4
[INFO] [stderr]    Compiling autocfg v1.0.1
[INFO] [stderr]     Checking once_cell v1.9.0
[INFO] [stderr]    Compiling log v0.4.14
[INFO] [stderr]     Checking pin-project-lite v0.2.8
[INFO] [stderr]     Checking bytes v1.1.0
[INFO] [stderr]    Compiling serde_derive v1.0.134
[INFO] [stderr]     Checking lazy_static v1.4.0
[INFO] [stderr]    Compiling memchr v2.4.1
[INFO] [stderr]    Compiling serde v1.0.134
[INFO] [stderr]     Checking itoa v1.0.1
[INFO] [stderr]    Compiling futures-core v0.3.19
[INFO] [stderr]     Checking percent-encoding v2.1.0
[INFO] [stderr]     Checking tracing-core v0.1.21
[INFO] [stderr]     Checking ppv-lite86 v0.2.16
[INFO] [stderr]     Checking base64 v0.13.0
[INFO] [stderr]     Checking ryu v1.0.9
[INFO] [stderr]    Compiling futures-channel v0.3.19
[INFO] [stderr]    Compiling futures-task v0.3.19
[INFO] [stderr]     Checking matches v0.1.9
[INFO] [stderr]     Checking futures-sink v0.3.19
[INFO] [stderr]    Compiling futures-util v0.3.19
[INFO] [stderr]     Checking fnv v1.0.7
[INFO] [stderr]    Compiling serde_json v1.0.75
[INFO] [stderr]     Checking form_urlencoded v1.0.1
[INFO] [stderr]     Checking futures-io v0.3.19
[INFO] [stderr]    Compiling ahash v0.7.6
[INFO] [stderr]    Compiling indexmap v1.8.0
[INFO] [stderr]     Checking http v0.2.6
[INFO] [stderr]     Checking pin-utils v0.1.0
[INFO] [stderr]     Checking slab v0.4.5
[INFO] [stderr]    Compiling num-traits v0.2.14
[INFO] [stderr]    Compiling typenum v1.15.0
[INFO] [stderr]    Compiling generic-array v0.14.5
[INFO] [stderr]    Compiling num-integer v0.1.44
[INFO] [stderr]    Compiling async-trait v0.1.52
[INFO] [stderr]     Checking byteorder v1.4.3
[INFO] [stderr]    Compiling glob v0.3.0
[INFO] [stderr]     Checking wildmatch v2.1.0
[INFO] [stderr]     Checking untrusted v0.7.1
[INFO] [stderr]     Checking spin v0.5.2
[INFO] [stderr]    Compiling getrandom v0.1.16
[INFO] [stderr]    Compiling nom v7.1.0
[INFO] [stderr]    Compiling unindent v0.1.7
[INFO] [stderr]    Compiling crc32fast v1.3.1
[INFO] [stderr]    Compiling quote v1.0.14
[INFO] [stderr]    Compiling indoc v1.0.3
[INFO] [stderr]     Checking opaque-debug v0.3.0
[INFO] [stderr]     Checking bitflags v1.3.2
[INFO] [stderr]    Compiling minimal-lexical v0.2.1
[INFO] [stderr]     Checking getrandom v0.2.4
[INFO] [stderr]     Checking num_cpus v1.13.1
[INFO] [stderr]    Compiling jobserver v0.1.24
[INFO] [stderr]     Checking signal-hook-registry v1.4.0
[INFO] [stderr]     Checking rand_core v0.6.3
[INFO] [stderr]     Checking mio v0.7.14
[INFO] [stderr]     Checking uuid v0.8.2
[INFO] [stderr]    Compiling clang-sys v1.3.0
[INFO] [stderr]    Compiling cc v1.0.72
[INFO] [stderr]     Checking rand_chacha v0.3.1
[INFO] [stderr]     Checking tower-service v0.3.1
[INFO] [stderr]     Checking hashbrown v0.11.2
[INFO] [stderr]     Checking smallvec v1.8.0
[INFO] [stderr]     Checking tinyvec_macros v0.1.0
[INFO] [stderr]    Compiling crossbeam-utils v0.8.6
[INFO] [stderr]    Compiling httparse v1.5.1
[INFO] [stderr]     Checking cpufeatures v0.2.1
[INFO] [stderr]     Checking rand v0.8.4
[INFO] [stderr]     Checking regex-syntax v0.6.25
[INFO] [stderr]     Checking tinyvec v1.5.1
[INFO] [stderr]     Checking rand_core v0.5.1
[INFO] [stderr]    Compiling libloading v0.7.3
[INFO] [stderr]    Compiling miniz_oxide v0.4.4
[INFO] [stderr]     Checking alloc-no-stdlib v2.0.3
[INFO] [stderr]     Checking subtle v2.4.1
[INFO] [stderr]    Compiling bindgen v0.59.2
[INFO] [stderr]     Checking try-lock v0.2.3
[INFO] [stderr]     Checking httpdate v1.0.2
[INFO] [stderr]     Checking want v0.3.0
[INFO] [stderr]     Checking alloc-stdlib v0.2.1
[INFO] [stderr]     Checking time v0.1.43
[INFO] [stderr]     Checking socket2 v0.4.3
[INFO] [stderr]     Checking http-body v0.4.4
[INFO] [stderr]     Checking aho-corasick v0.7.18
[INFO] [stderr]    Compiling proc-macro-error-attr v1.0.4
[INFO] [stderr]    Compiling proc-macro2-diagnostics v0.9.1
[INFO] [stderr]    Compiling rustc-hash v1.1.0
[INFO] [stderr]    Compiling peeking_take_while v0.1.2
[INFO] [stderr]    Compiling shlex v1.1.0
[INFO] [stderr]     Checking digest v0.9.0
[INFO] [stderr]     Checking block-buffer v0.9.0
[INFO] [stderr]    Compiling fs_extra v1.2.0
[INFO] [stderr]    Compiling lazycell v1.3.0
[INFO] [stderr]     Checking unicode-normalization v0.1.19
[INFO] [stderr]     Checking adler v1.0.2
[INFO] [stderr]     Checking unicode-bidi v0.3.7
[INFO] [stderr]     Checking itoa v0.4.8
[INFO] [stderr]     Checking either v1.6.1
[INFO] [stderr]     Checking const-oid v0.6.2
[INFO] [stderr]    Compiling ring v0.16.20
[INFO] [stderr]     Checking chrono v0.4.19
[INFO] [stderr]     Checking der v0.4.5
[INFO] [stderr]     Checking brotli-decompressor v2.3.2
[INFO] [stderr]     Checking rand_chacha v0.2.2
[INFO] [stderr]    Compiling num-bigint v0.2.6
[INFO] [stderr]    Compiling proc-macro-error v1.0.4
[INFO] [stderr]    Compiling tikv-jemalloc-sys v0.4.2+5.2.1-patched.2
[INFO] [stderr]    Compiling yansi v0.5.0
[INFO] [stderr]     Checking adler32 v1.2.0
[INFO] [stderr]     Checking signature v1.5.0
[INFO] [stderr]    Compiling pkg-config v0.3.24
[INFO] [stderr]     Checking linked-hash-map v0.5.4
[INFO] [stderr]    Compiling parking_lot_core v0.8.5
[INFO] [stderr]     Checking mime v0.3.16
[INFO] [stderr]    Compiling unicode-segmentation v1.8.0
[INFO] [stderr]     Checking spki v0.4.1
[INFO] [stderr]     Checking idna v0.2.3
[INFO] [stderr]     Checking ed25519 v1.3.0
[INFO] [stderr]     Checking regex v1.5.4
[INFO] [stderr]     Checking regex-automata v0.1.10
[INFO] [stderr]     Checking flate2 v1.0.22
[INFO] [stderr]     Checking rand v0.7.3
[INFO] [stderr]     Checking brotli v3.3.3
[INFO] [stderr]    Compiling libsqlite3-sys v0.22.2
[INFO] [stderr]    Compiling heck v0.3.3
[INFO] [stderr]     Checking url v2.2.2
[INFO] [stderr]     Checking sha2 v0.9.9
[INFO] [stderr]    Compiling cexpr v0.6.0
[INFO] [stderr]     Checking crossbeam-channel v0.5.2
[INFO] [stderr]    Compiling num-rational v0.3.2
[INFO] [stderr]    Compiling num-iter v0.1.42
[INFO] [stderr]    Compiling uncased v0.9.6
[INFO] [stderr]     Checking rustls-pemfile v0.2.1
[INFO] [stderr]     Checking instant v0.1.12
[INFO] [stderr]     Checking tower-layer v0.3.1
[INFO] [stderr]     Checking scopeguard v1.1.0
[INFO] [stderr]     Checking ipnet v2.3.1
[INFO] [stderr]    Compiling encoding_rs v0.8.30
[INFO] [stderr]     Checking match_cfg v0.1.0
[INFO] [stderr]     Checking lock_api v0.4.5
[INFO] [stderr]    Compiling toml v0.5.8
[INFO] [stderr]     Checking hostname v0.3.1
[INFO] [stderr]     Checking matchers v0.0.1
[INFO] [stderr]     Checking miniz_oxide v0.3.7
[INFO] [stderr]     Checking deflate v0.8.6
[INFO] [stderr]     Checking itertools v0.10.3
[INFO] [stderr]     Checking sha-1 v0.9.8
[INFO] [stderr]     Checking headers-core v0.2.0
[INFO] [stderr]     Checking ordered-float v1.1.1
[INFO] [stderr]     Checking threadpool v1.8.1
[INFO] [stderr]    Compiling figment v0.10.6
[INFO] [stderr]     Checking tracing-log v0.1.2
[INFO] [stderr]     Checking thread_local v1.1.3
[INFO] [stderr]     Checking sharded-slab v0.1.4
[INFO] [stderr]     Checking weezl v0.1.5
[INFO] [stderr]     Checking quick-error v1.2.3
[INFO] [stderr]     Checking inlinable_string v0.1.15
[INFO] [stderr]     Checking ansi_term v0.12.1
[INFO] [stderr]     Checking http-range-header v0.3.0
[INFO] [stderr]    Compiling heck v0.4.0
[INFO] [stderr]     Checking assign v1.1.1
[INFO] [stderr]    Compiling synstructure v0.12.6
[INFO] [stderr]     Checking color_quant v1.1.0
[INFO] [stderr]     Checking maplit v1.0.2
[INFO] [stderr]     Checking arrayref v0.3.6
[INFO] [stderr]     Checking openssl-probe v0.1.5
[INFO] [stderr]     Checking data-encoding v2.3.2
[INFO] [stderr]     Checking constant_time_eq v0.1.5
[INFO] [stderr]     Checking integer-encoding v1.1.7
[INFO] [stderr]     Checking arrayvec v0.5.2
[INFO] [stderr]     Checking rustls-native-certs v0.6.1
[INFO] [stderr]     Checking gif v0.11.3
[INFO] [stderr]     Checking thrift v0.13.0
[INFO] [stderr]     Checking simple_asn1 v0.4.1
[INFO] [stderr]     Checking resolv-conf v0.7.0
[INFO] [stderr]     Checking blake2b_simd v0.5.11
[INFO] [stderr]     Checking png v0.16.8
[INFO] [stderr]     Checking headers v0.3.5
[INFO] [stderr]     Checking parking_lot v0.11.2
[INFO] [stderr]     Checking sct v0.7.0
[INFO] [stderr]     Checking webpki v0.22.0
[INFO] [stderr]     Checking pem v0.8.3
[INFO] [stderr]     Checking lru-cache v0.1.2
[INFO] [stderr]     Checking yaml-rust v0.4.5
[INFO] [stderr]     Checking rustls v0.20.2
[INFO] [stderr]     Checking crypto-mac v0.11.1
[INFO] [stderr]     Checking hashlink v0.7.0
[INFO] [stderr]     Checking dirs-sys v0.3.6
[INFO] [stderr]     Checking os_str_bytes v6.0.0
[INFO] [stderr]     Checking arc-swap v1.5.0
[INFO] [stderr]    Compiling paste v1.0.6
[INFO] [stderr]     Checking bytemuck v1.7.3
[INFO] [stderr]     Checking textwrap v0.14.2
[INFO] [stderr]     Checking fallible-streaming-iterator v0.1.9
[INFO] [stderr]     Checking jpeg-decoder v0.1.22
[INFO] [stderr]     Checking sync_wrapper v0.1.1
[INFO] [stderr]     Checking matchit v0.5.0
[INFO] [stderr]     Checking fallible-iterator v0.2.0
[INFO] [stderr]     Checking base64 v0.12.3
[INFO] [stderr]     Checking directories v3.0.2
[INFO] [stderr]     Checking hmac v0.11.0
[INFO] [stderr]     Checking rust-argon2 v0.8.3
[INFO] [stderr]     Checking image v0.23.14
[INFO] [stderr]    Compiling thiserror-impl v1.0.30
[INFO] [stderr]    Compiling tracing-attributes v0.1.18
[INFO] [stderr]    Compiling tokio-macros v1.7.0
[INFO] [stderr]    Compiling futures-macro v0.3.19
[INFO] [stderr]    Compiling pin-project-internal v1.0.10
[INFO] [stderr]    Compiling zeroize_derive v1.3.1
[INFO] [stderr]    Compiling enum-as-inner v0.3.3
[INFO] [stderr]    Compiling pear_codegen v0.2.3
[INFO] [stderr]    Compiling clap_derive v3.0.6
[INFO] [stderr]     Checking zeroize v1.5.0
[INFO] [stderr]     Checking curve25519-dalek v3.2.0
[INFO] [stderr]     Checking pkcs8 v0.7.6
[INFO] [stderr]     Checking tokio v1.15.0
[INFO] [stderr]     Checking pear v0.2.3
[INFO] [stderr]     Checking tracing v0.1.29
[INFO] [stderr]     Checking thiserror v1.0.30
[INFO] [stderr]     Checking pin-project v1.0.10
[INFO] [stderr]    Compiling proc-macro-crate v1.1.0
[INFO] [stderr]    Compiling ruma-identifiers-validation v0.5.0 (https://github.com/ruma/ruma?rev=fa2e3662a456bd8957b3e1293c1dfaf66e85c2f2#fa2e3662)
[INFO] [stderr]    Compiling ruma-identifiers-macros v0.20.0 (https://github.com/ruma/ruma?rev=fa2e3662a456bd8957b3e1293c1dfaf66e85c2f2#fa2e3662)
[INFO] [stderr]    Compiling ruma-serde-macros v0.5.0 (https://github.com/ruma/ruma?rev=fa2e3662a456bd8957b3e1293c1dfaf66e85c2f2#fa2e3662)
[INFO] [stderr]    Compiling ruma-api-macros v0.18.5 (https://github.com/ruma/ruma?rev=fa2e3662a456bd8957b3e1293c1dfaf66e85c2f2#fa2e3662)
[INFO] [stderr]    Compiling ruma-events-macros v0.24.6 (https://github.com/ruma/ruma?rev=fa2e3662a456bd8957b3e1293c1dfaf66e85c2f2#fa2e3662)
[INFO] [stderr]    Compiling librocksdb-sys v6.20.3
[INFO] [stderr]     Checking futures-executor v0.3.19
[INFO] [stderr]     Checking axum-core v0.2.0
[INFO] [stderr]     Checking futures v0.3.19
[INFO] [stderr]     Checking rusqlite v0.25.4
[INFO] [stderr]     Checking tokio-util v0.6.9
[INFO] [stderr]     Checking tokio-rustls v0.23.2
[INFO] [stderr]     Checking tokio-stream v0.1.8
[INFO] [stderr]     Checking async-compression v0.3.8
[INFO] [stderr]     Checking trust-dns-proto v0.20.3
[INFO] [stderr]     Checking tokio-socks v0.5.1
[INFO] [stderr]     Checking opentelemetry v0.16.0
[INFO] [stderr]     Checking tower v0.4.11
[INFO] [stderr]     Checking tower-http v0.2.1
[INFO] [stderr]     Checking opentelemetry-semantic-conventions v0.8.0
[INFO] [stderr]     Checking opentelemetry-jaeger v0.15.0
[INFO] [stderr]     Checking js_int v0.2.1
[INFO] [stderr]     Checking tracing-serde v0.1.2
[INFO] [stderr]     Checking h2 v0.3.10
[INFO] [stderr]     Checking ed25519-dalek v1.0.1
[INFO] [stderr]     Checking serde_urlencoded v0.7.1
[INFO] [stderr]     Checking serde_yaml v0.8.23
[INFO] [stderr]     Checking clap v3.0.10
[INFO] [stderr]     Checking trust-dns-resolver v0.20.3
[INFO] [stderr]     Checking ruma-serde v0.5.0 (https://github.com/ruma/ruma?rev=fa2e3662a456bd8957b3e1293c1dfaf66e85c2f2#fa2e3662)
[INFO] [stderr]     Checking tracing-subscriber v0.2.25
[INFO] [stderr]     Checking jsonwebtoken v7.2.0
[INFO] [stderr] error: could not compile `tower-http` (lib)
[INFO] [stderr] 
[INFO] [stderr] Caused by:
[INFO] [stderr]   process didn't exit successfully: `/opt/rustwide/rustup-home/toolchains/9610dfe5a9a731ced1ea4923ecbd0c57fe367898/bin/rustc --crate-name tower_http --edition=2018 /opt/rustwide/cargo-home/registry/src/index.crates.io-6f17d22bba15001f/tower-http-0.2.1/src/lib.rs --error-format=json --json=diagnostic-rendered-ansi,artifacts,future-incompat --crate-type lib --emit=dep-info,metadata -C lto=off -C embed-bitcode=no -C debuginfo=2 --cfg 'feature="add-extension"' --cfg 'feature="async-compression"' --cfg 'feature="compression-br"' --cfg 'feature="compression-deflate"' --cfg 'feature="compression-full"' --cfg 'feature="compression-gzip"' --cfg 'feature="cors"' --cfg 'feature="default"' --cfg 'feature="map-response-body"' --cfg 'feature="sensitive-headers"' --cfg 'feature="tokio"' --cfg 'feature="tokio-util"' --cfg 'feature="tower"' --cfg 'feature="trace"' --cfg 'feature="tracing"' --cfg 'feature="util"' -C metadata=0cbc70ef7ffc62ab -C extra-filename=-0cbc70ef7ffc62ab --out-dir /opt/rustwide/target/debug/deps -L dependency=/opt/rustwide/target/debug/deps --extern async_compression=/opt/rustwide/target/debug/deps/libasync_compression-7a2a57cfe9e23405.rmeta --extern bitflags=/opt/rustwide/target/debug/deps/libbitflags-81b4b7f39748f1be.rmeta --extern bytes=/opt/rustwide/target/debug/deps/libbytes-c9ea35ecf3632e35.rmeta --extern futures_core=/opt/rustwide/target/debug/deps/libfutures_core-0a973876931c2ec6.rmeta --extern futures_util=/opt/rustwide/target/debug/deps/libfutures_util-f1c6ccc4c5fbf415.rmeta --extern http=/opt/rustwide/target/debug/deps/libhttp-6b172cbc960e57f9.rmeta --extern http_body=/opt/rustwide/target/debug/deps/libhttp_body-c9240b5e92529c30.rmeta --extern http_range_header=/opt/rustwide/target/debug/deps/libhttp_range_header-8d70130fff386d82.rmeta --extern pin_project_lite=/opt/rustwide/target/debug/deps/libpin_project_lite-bda169ad2bbc47ec.rmeta --extern tokio=/opt/rustwide/target/debug/deps/libtokio-636beee772e4277b.rmeta --extern tokio_util=/opt/rustwide/target/debug/deps/libtokio_util-e1a3ca2aaa4a7585.rmeta --extern tower=/opt/rustwide/target/debug/deps/libtower-a9267d9265c7587a.rmeta --extern tower_layer=/opt/rustwide/target/debug/deps/libtower_layer-bcdb7e794a2a7d70.rmeta --extern tower_service=/opt/rustwide/target/debug/deps/libtower_service-004f0c03a293438e.rmeta --extern tracing=/opt/rustwide/target/debug/deps/libtracing-08f59c11b59ad4da.rmeta --cap-lints allow --cap-lints=forbid` (signal: 9, SIGKILL: kill)
[INFO] [stderr] warning: build failed, waiting for other jobs to finish...
[INFO] [stderr] The following warnings were emitted during compilation:
[INFO] [stderr] 
[INFO] [stderr] warning: c++: fatal error: Killed signal terminated program cc1plus
[INFO] [stderr] warning: compilation terminated.
[INFO] [stderr] warning: c++: fatal error: Killed signal terminated program cc1plus
[INFO] [stderr] warning: compilation terminated.
[INFO] [stderr] warning: c++: fatal error: Killed signal terminated program cc1plus
[INFO] [stderr] warning: compilation terminated.
[INFO] [stderr] warning: c++: fatal error: Killed signal terminated program cc1plus
[INFO] [stderr] warning: compilation terminated.
[INFO] [stderr] warning: c++: fatal error: Killed signal terminated program cc1plus
[INFO] [stderr] warning: compilation terminated.
[INFO] [stderr] warning: c++: fatal error: Killed signal terminated program cc1plus
[INFO] [stderr] warning: compilation terminated.
[INFO] [stderr] warning: c++: fatal error: Killed signal terminated program cc1plus
[INFO] [stderr] warning: compilation terminated.
[INFO] [stderr] warning: c++: fatal error: Killed signal terminated program cc1plus
[INFO] [stderr] warning: compilation terminated.
[INFO] [stderr] 
[INFO] [stderr] error: failed to run custom build command for `librocksdb-sys v6.20.3`
[INFO] [stderr] note: To improve backtraces for build dependencies, set the CARGO_PROFILE_DEV_BUILD_OVERRIDE_DEBUG=true environment variable to enable debug information generation.
[INFO] [stderr] 
[INFO] [stderr] Caused by:
[INFO] [stderr]   process didn't exit successfully: `/opt/rustwide/target/debug/build/librocksdb-sys-4555000eaf8c7f4b/build-script-build` (exit status: 1)
[INFO] [stderr]   --- stdout
[INFO] [stderr]   cargo:rerun-if-changed=rocksdb/
[INFO] [stderr]   TARGET = Some("x86_64-unknown-linux-gnu")
[INFO] [stderr]   OPT_LEVEL = Some("0")
[INFO] [stderr]   HOST = Some("x86_64-unknown-linux-gnu")
[INFO] [stderr]   CXX_x86_64-unknown-linux-gnu = None
[INFO] [stderr]   CXX_x86_64_unknown_linux_gnu = None
[INFO] [stderr]   HOST_CXX = None
[INFO] [stderr]   CXX = None
[INFO] [stderr]   CXXFLAGS_x86_64-unknown-linux-gnu = None
[INFO] [stderr]   CXXFLAGS_x86_64_unknown_linux_gnu = None
[INFO] [stderr]   HOST_CXXFLAGS = None
[INFO] [stderr]   CXXFLAGS = None
[INFO] [stderr]   CRATE_CC_NO_DEFAULTS = None
[INFO] [stderr]   DEBUG = Some("true")
[INFO] [stderr]   CARGO_CFG_TARGET_FEATURE = Some("fxsr,sse,sse2")
[INFO] [stderr]   CXX_x86_64-unknown-linux-gnu = None
[INFO] [stderr]   CXX_x86_64_unknown_linux_gnu = None
[INFO] [stderr]   HOST_CXX = None
[INFO] [stderr]   CXX = None
[INFO] [stderr]   CXXFLAGS_x86_64-unknown-linux-gnu = None
[INFO] [stderr]   CXXFLAGS_x86_64_unknown_linux_gnu = None
[INFO] [stderr]   HOST_CXXFLAGS = None
[INFO] [stderr]   CXXFLAGS = None
[INFO] [stderr]   CRATE_CC_NO_DEFAULTS = None
[INFO] [stderr]   CARGO_CFG_TARGET_FEATURE = Some("fxsr,sse,sse2")
[INFO] [stderr]   running: "c++" "-O0" "-ffunction-sections" "-fdata-sections" "-fPIC" "-g" "-fno-omit-frame-pointer" "-m64" "-I" "rocksdb/include/" "-I" "rocksdb/" "-I" "rocksdb/third-party/gtest-1.8.1/fused-src/" "-I" "zstd/lib/" "-I" "zstd/lib/dictBuilder/" "-I" "." "-Wall" "-Wextra" "-std=c++11" "-Wno-unused-parameter" "-msse2" "-DZSTD=1" "-DNDEBUG=1" "-DOS_LINUX" "-DROCKSDB_PLATFORM_POSIX" "-DROCKSDB_LIB_IO_POSIX" "-DROCKSDB_SUPPORT_THREAD_LOCAL" "-o" "/opt/rustwide/target/debug/build/librocksdb-sys-3e0a2691b1ae9e03/out/rocksdb/cache/cache.o" "-c" "rocksdb/cache/cache.cc"
[INFO] [stderr]   running: "c++" "-O0" "-ffunction-sections" "-fdata-sections" "-fPIC" "-g" "-fno-omit-frame-pointer" "-m64" "-I" "rocksdb/include/" "-I" "rocksdb/" "-I" "rocksdb/third-party/gtest-1.8.1/fused-src/" "-I" "zstd/lib/" "-I" "zstd/lib/dictBuilder/" "-I" "." "-Wall" "-Wextra" "-std=c++11" "-Wno-unused-parameter" "-msse2" "-DZSTD=1" "-DNDEBUG=1" "-DOS_LINUX" "-DROCKSDB_PLATFORM_POSIX" "-DROCKSDB_LIB_IO_POSIX" "-DROCKSDB_SUPPORT_THREAD_LOCAL" "-o" "/opt/rustwide/target/debug/build/librocksdb-sys-3e0a2691b1ae9e03/out/rocksdb/cache/sharded_cache.o" "-c" "rocksdb/cache/sharded_cache.cc"
[INFO] [stderr]   running: "c++" "-O0" "-ffunction-sections" "-fdata-sections" "-fPIC" "-g" "-fno-omit-frame-pointer" "-m64" "-I" "rocksdb/include/" "-I" "rocksdb/" "-I" "rocksdb/third-party/gtest-1.8.1/fused-src/" "-I" "zstd/lib/" "-I" "zstd/lib/dictBuilder/" "-I" "." "-Wall" "-Wextra" "-std=c++11" "-Wno-unused-parameter" "-msse2" "-DZSTD=1" "-DNDEBUG=1" "-DOS_LINUX" "-DROCKSDB_PLATFORM_POSIX" "-DROCKSDB_LIB_IO_POSIX" "-DROCKSDB_SUPPORT_THREAD_LOCAL" "-o" "/opt/rustwide/target/debug/build/librocksdb-sys-3e0a2691b1ae9e03/out/rocksdb/db/blob/blob_file_addition.o" "-c" "rocksdb/db/blob/blob_file_addition.cc"
[INFO] [stderr]   running: "c++" "-O0" "-ffunction-sections" "-fdata-sections" "-fPIC" "-g" "-fno-omit-frame-pointer" "-m64" "-I" "rocksdb/include/" "-I" "rocksdb/" "-I" "rocksdb/third-party/gtest-1.8.1/fused-src/" "-I" "zstd/lib/" "-I" "zstd/lib/dictBuilder/" "-I" "." "-Wall" "-Wextra" "-std=c++11" "-Wno-unused-parameter" "-msse2" "-DZSTD=1" "-DNDEBUG=1" "-DOS_LINUX" "-DROCKSDB_PLATFORM_POSIX" "-DROCKSDB_LIB_IO_POSIX" "-DROCKSDB_SUPPORT_THREAD_LOCAL" "-o" "/opt/rustwide/target/debug/build/librocksdb-sys-3e0a2691b1ae9e03/out/rocksdb/db/arena_wrapped_db_iter.o" "-c" "rocksdb/db/arena_wrapped_db_iter.cc"
[INFO] [stderr]   running: "c++" "-O0" "-ffunction-sections" "-fdata-sections" "-fPIC" "-g" "-fno-omit-frame-pointer" "-m64" "-I" "rocksdb/include/" "-I" "rocksdb/" "-I" "rocksdb/third-party/gtest-1.8.1/fused-src/" "-I" "zstd/lib/" "-I" "zstd/lib/dictBuilder/" "-I" "." "-Wall" "-Wextra" "-std=c++11" "-Wno-unused-parameter" "-msse2" "-DZSTD=1" "-DNDEBUG=1" "-DOS_LINUX" "-DROCKSDB_PLATFORM_POSIX" "-DROCKSDB_LIB_IO_POSIX" "-DROCKSDB_SUPPORT_THREAD_LOCAL" "-o" "/opt/rustwide/target/debug/build/librocksdb-sys-3e0a2691b1ae9e03/out/rocksdb/cache/clock_cache.o" "-c" "rocksdb/cache/clock_cache.cc"
[INFO] [stderr]   running: "c++" "-O0" "-ffunction-sections" "-fdata-sections" "-fPIC" "-g" "-fno-omit-frame-pointer" "-m64" "-I" "rocksdb/include/" "-I" "rocksdb/" "-I" "rocksdb/third-party/gtest-1.8.1/fused-src/" "-I" "zstd/lib/" "-I" "zstd/lib/dictBuilder/" "-I" "." "-Wall" "-Wextra" "-std=c++11" "-Wno-unused-parameter" "-msse2" "-DZSTD=1" "-DNDEBUG=1" "-DOS_LINUX" "-DROCKSDB_PLATFORM_POSIX" "-DROCKSDB_LIB_IO_POSIX" "-DROCKSDB_SUPPORT_THREAD_LOCAL" "-o" "/opt/rustwide/target/debug/build/librocksdb-sys-3e0a2691b1ae9e03/out/rocksdb/cache/lru_cache.o" "-c" "rocksdb/cache/lru_cache.cc"
[INFO] [stderr]   running: "c++" "-O0" "-ffunction-sections" "-fdata-sections" "-fPIC" "-g" "-fno-omit-frame-pointer" "-m64" "-I" "rocksdb/include/" "-I" "rocksdb/" "-I" "rocksdb/third-party/gtest-1.8.1/fused-src/" "-I" "zstd/lib/" "-I" "zstd/lib/dictBuilder/" "-I" "." "-Wall" "-Wextra" "-std=c++11" "-Wno-unused-parameter" "-msse2" "-DZSTD=1" "-DNDEBUG=1" "-DOS_LINUX" "-DROCKSDB_PLATFORM_POSIX" "-DROCKSDB_LIB_IO_POSIX" "-DROCKSDB_SUPPORT_THREAD_LOCAL" "-o" "/opt/rustwide/target/debug/build/librocksdb-sys-3e0a2691b1ae9e03/out/rocksdb/db/blob/blob_file_builder.o" "-c" "rocksdb/db/blob/blob_file_builder.cc"
[INFO] [stderr]   running: "c++" "-O0" "-ffunction-sections" "-fdata-sections" "-fPIC" "-g" "-fno-omit-frame-pointer" "-m64" "-I" "rocksdb/include/" "-I" "rocksdb/" "-I" "rocksdb/third-party/gtest-1.8.1/fused-src/" "-I" "zstd/lib/" "-I" "zstd/lib/dictBuilder/" "-I" "." "-Wall" "-Wextra" "-std=c++11" "-Wno-unused-parameter" "-msse2" "-DZSTD=1" "-DNDEBUG=1" "-DOS_LINUX" "-DROCKSDB_PLATFORM_POSIX" "-DROCKSDB_LIB_IO_POSIX" "-DROCKSDB_SUPPORT_THREAD_LOCAL" "-o" "/opt/rustwide/target/debug/build/librocksdb-sys-3e0a2691b1ae9e03/out/rocksdb/db/blob/blob_file_cache.o" "-c" "rocksdb/db/blob/blob_file_cache.cc"
[INFO] [stderr]   running: "c++" "-O0" "-ffunction-sections" "-fdata-sections" "-fPIC" "-g" "-fno-omit-frame-pointer" "-m64" "-I" "rocksdb/include/" "-I" "rocksdb/" "-I" "rocksdb/third-party/gtest-1.8.1/fused-src/" "-I" "zstd/lib/" "-I" "zstd/lib/dictBuilder/" "-I" "." "-Wall" "-Wextra" "-std=c++11" "-Wno-unused-parameter" "-msse2" "-DZSTD=1" "-DNDEBUG=1" "-DOS_LINUX" "-DROCKSDB_PLATFORM_POSIX" "-DROCKSDB_LIB_IO_POSIX" "-DROCKSDB_SUPPORT_THREAD_LOCAL" "-o" "/opt/rustwide/target/debug/build/librocksdb-sys-3e0a2691b1ae9e03/out/rocksdb/db/blob/blob_file_garbage.o" "-c" "rocksdb/db/blob/blob_file_garbage.cc"
[INFO] [stderr]   exit status: 0
[INFO] [stderr]   running: "c++" "-O0" "-ffunction-sections" "-fdata-sections" "-fPIC" "-g" "-fno-omit-frame-pointer" "-m64" "-I" "rocksdb/include/" "-I" "rocksdb/" "-I" "rocksdb/third-party/gtest-1.8.1/fused-src/" "-I" "zstd/lib/" "-I" "zstd/lib/dictBuilder/" "-I" "." "-Wall" "-Wextra" "-std=c++11" "-Wno-unused-parameter" "-msse2" "-DZSTD=1" "-DNDEBUG=1" "-DOS_LINUX" "-DROCKSDB_PLATFORM_POSIX" "-DROCKSDB_LIB_IO_POSIX" "-DROCKSDB_SUPPORT_THREAD_LOCAL" "-o" "/opt/rustwide/target/debug/build/librocksdb-sys-3e0a2691b1ae9e03/out/rocksdb/db/blob/blob_file_meta.o" "-c" "rocksdb/db/blob/blob_file_meta.cc"
[INFO] [stderr]   running: "c++" "-O0" "-ffunction-sections" "-fdata-sections" "-fPIC" "-g" "-fno-omit-frame-pointer" "-m64" "-I" "rocksdb/include/" "-I" "rocksdb/" "-I" "rocksdb/third-party/gtest-1.8.1/fused-src/" "-I" "zstd/lib/" "-I" "zstd/lib/dictBuilder/" "-I" "." "-Wall" "-Wextra" "-std=c++11" "-Wno-unused-parameter" "-msse2" "-DZSTD=1" "-DNDEBUG=1" "-DOS_LINUX" "-DROCKSDB_PLATFORM_POSIX" "-DROCKSDB_LIB_IO_POSIX" "-DROCKSDB_SUPPORT_THREAD_LOCAL" "-o" "/opt/rustwide/target/debug/build/librocksdb-sys-3e0a2691b1ae9e03/out/rocksdb/db/blob/blob_file_reader.o" "-c" "rocksdb/db/blob/blob_file_reader.cc"
[INFO] [stderr]   running: "c++" "-O0" "-ffunction-sections" "-fdata-sections" "-fPIC" "-g" "-fno-omit-frame-pointer" "-m64" "-I" "rocksdb/include/" "-I" "rocksdb/" "-I" "rocksdb/third-party/gtest-1.8.1/fused-src/" "-I" "zstd/lib/" "-I" "zstd/lib/dictBuilder/" "-I" "." "-Wall" "-Wextra" "-std=c++11" "-Wno-unused-parameter" "-msse2" "-DZSTD=1" "-DNDEBUG=1" "-DOS_LINUX" "-DROCKSDB_PLATFORM_POSIX" "-DROCKSDB_LIB_IO_POSIX" "-DROCKSDB_SUPPORT_THREAD_LOCAL" "-o" "/opt/rustwide/target/debug/build/librocksdb-sys-3e0a2691b1ae9e03/out/rocksdb/db/blob/blob_log_format.o" "-c" "rocksdb/db/blob/blob_log_format.cc"
[INFO] [stderr]   exit status: 0
[INFO] [stderr]   running: "c++" "-O0" "-ffunction-sections" "-fdata-sections" "-fPIC" "-g" "-fno-omit-frame-pointer" "-m64" "-I" "rocksdb/include/" "-I" "rocksdb/" "-I" "rocksdb/third-party/gtest-1.8.1/fused-src/" "-I" "zstd/lib/" "-I" "zstd/lib/dictBuilder/" "-I" "." "-Wall" "-Wextra" "-std=c++11" "-Wno-unused-parameter" "-msse2" "-DZSTD=1" "-DNDEBUG=1" "-DOS_LINUX" "-DROCKSDB_PLATFORM_POSIX" "-DROCKSDB_LIB_IO_POSIX" "-DROCKSDB_SUPPORT_THREAD_LOCAL" "-o" "/opt/rustwide/target/debug/build/librocksdb-sys-3e0a2691b1ae9e03/out/rocksdb/db/blob/blob_log_sequential_reader.o" "-c" "rocksdb/db/blob/blob_log_sequential_reader.cc"
[INFO] [stderr]   exit status: 0
[INFO] [stderr]   running: "c++" "-O0" "-ffunction-sections" "-fdata-sections" "-fPIC" "-g" "-fno-omit-frame-pointer" "-m64" "-I" "rocksdb/include/" "-I" "rocksdb/" "-I" "rocksdb/third-party/gtest-1.8.1/fused-src/" "-I" "zstd/lib/" "-I" "zstd/lib/dictBuilder/" "-I" "." "-Wall" "-Wextra" "-std=c++11" "-Wno-unused-parameter" "-msse2" "-DZSTD=1" "-DNDEBUG=1" "-DOS_LINUX" "-DROCKSDB_PLATFORM_POSIX" "-DROCKSDB_LIB_IO_POSIX" "-DROCKSDB_SUPPORT_THREAD_LOCAL" "-o" "/opt/rustwide/target/debug/build/librocksdb-sys-3e0a2691b1ae9e03/out/rocksdb/db/blob/blob_log_writer.o" "-c" "rocksdb/db/blob/blob_log_writer.cc"
[INFO] [stderr]   exit status: 0
[INFO] [stderr]   running: "c++" "-O0" "-ffunction-sections" "-fdata-sections" "-fPIC" "-g" "-fno-omit-frame-pointer" "-m64" "-I" "rocksdb/include/" "-I" "rocksdb/" "-I" "rocksdb/third-party/gtest-1.8.1/fused-src/" "-I" "zstd/lib/" "-I" "zstd/lib/dictBuilder/" "-I" "." "-Wall" "-Wextra" "-std=c++11" "-Wno-unused-parameter" "-msse2" "-DZSTD=1" "-DNDEBUG=1" "-DOS_LINUX" "-DROCKSDB_PLATFORM_POSIX" "-DROCKSDB_LIB_IO_POSIX" "-DROCKSDB_SUPPORT_THREAD_LOCAL" "-o" "/opt/rustwide/target/debug/build/librocksdb-sys-3e0a2691b1ae9e03/out/rocksdb/db/builder.o" "-c" "rocksdb/db/builder.cc"
[INFO] [stderr]   exit status: 0
[INFO] [stderr]   running: "c++" "-O0" "-ffunction-sections" "-fdata-sections" "-fPIC" "-g" "-fno-omit-frame-pointer" "-m64" "-I" "rocksdb/include/" "-I" "rocksdb/" "-I" "rocksdb/third-party/gtest-1.8.1/fused-src/" "-I" "zstd/lib/" "-I" "zstd/lib/dictBuilder/" "-I" "." "-Wall" "-Wextra" "-std=c++11" "-Wno-unused-parameter" "-msse2" "-DZSTD=1" "-DNDEBUG=1" "-DOS_LINUX" "-DROCKSDB_PLATFORM_POSIX" "-DROCKSDB_LIB_IO_POSIX" "-DROCKSDB_SUPPORT_THREAD_LOCAL" "-o" "/opt/rustwide/target/debug/build/librocksdb-sys-3e0a2691b1ae9e03/out/rocksdb/db/c.o" "-c" "rocksdb/db/c.cc"
[INFO] [stderr]   exit status: 0
[INFO] [stderr]   running: "c++" "-O0" "-ffunction-sections" "-fdata-sections" "-fPIC" "-g" "-fno-omit-frame-pointer" "-m64" "-I" "rocksdb/include/" "-I" "rocksdb/" "-I" "rocksdb/third-party/gtest-1.8.1/fused-src/" "-I" "zstd/lib/" "-I" "zstd/lib/dictBuilder/" "-I" "." "-Wall" "-Wextra" "-std=c++11" "-Wno-unused-parameter" "-msse2" "-DZSTD=1" "-DNDEBUG=1" "-DOS_LINUX" "-DROCKSDB_PLATFORM_POSIX" "-DROCKSDB_LIB_IO_POSIX" "-DROCKSDB_SUPPORT_THREAD_LOCAL" "-o" "/opt/rustwide/target/debug/build/librocksdb-sys-3e0a2691b1ae9e03/out/rocksdb/db/column_family.o" "-c" "rocksdb/db/column_family.cc"
[INFO] [stderr]   exit status: 0
[INFO] [stderr]   running: "c++" "-O0" "-ffunction-sections" "-fdata-sections" "-fPIC" "-g" "-fno-omit-frame-pointer" "-m64" "-I" "rocksdb/include/" "-I" "rocksdb/" "-I" "rocksdb/third-party/gtest-1.8.1/fused-src/" "-I" "zstd/lib/" "-I" "zstd/lib/dictBuilder/" "-I" "." "-Wall" "-Wextra" "-std=c++11" "-Wno-unused-parameter" "-msse2" "-DZSTD=1" "-DNDEBUG=1" "-DOS_LINUX" "-DROCKSDB_PLATFORM_POSIX" "-DROCKSDB_LIB_IO_POSIX" "-DROCKSDB_SUPPORT_THREAD_LOCAL" "-o" "/opt/rustwide/target/debug/build/librocksdb-sys-3e0a2691b1ae9e03/out/rocksdb/db/compaction/compaction.o" "-c" "rocksdb/db/compaction/compaction.cc"
[INFO] [stderr]   exit status: 0
[INFO] [stderr]   running: "c++" "-O0" "-ffunction-sections" "-fdata-sections" "-fPIC" "-g" "-fno-omit-frame-pointer" "-m64" "-I" "rocksdb/include/" "-I" "rocksdb/" "-I" "rocksdb/third-party/gtest-1.8.1/fused-src/" "-I" "zstd/lib/" "-I" "zstd/lib/dictBuilder/" "-I" "." "-Wall" "-Wextra" "-std=c++11" "-Wno-unused-parameter" "-msse2" "-DZSTD=1" "-DNDEBUG=1" "-DOS_LINUX" "-DROCKSDB_PLATFORM_POSIX" "-DROCKSDB_LIB_IO_POSIX" "-DROCKSDB_SUPPORT_THREAD_LOCAL" "-o" "/opt/rustwide/target/debug/build/librocksdb-sys-3e0a2691b1ae9e03/out/rocksdb/db/compaction/compaction_iterator.o" "-c" "rocksdb/db/compaction/compaction_iterator.cc"
[INFO] [stderr]   cargo:warning=c++: fatal error: Killed signal terminated program cc1plus
[INFO] [stderr]   cargo:warning=compilation terminated.
[INFO] [stderr]   exit status: 1
[INFO] [stderr]   cargo:warning=c++: fatal error: Killed signal terminated program cc1plus
[INFO] [stderr]   cargo:warning=compilation terminated.
[INFO] [stderr]   exit status: 1
[INFO] [stderr]   running: "c++" "-O0" "-ffunction-sections" "-fdata-sections" "-fPIC" "-g" "-fno-omit-frame-pointer" "-m64" "-I" "rocksdb/include/" "-I" "rocksdb/" "-I" "rocksdb/third-party/gtest-1.8.1/fused-src/" "-I" "zstd/lib/" "-I" "zstd/lib/dictBuilder/" "-I" "." "-Wall" "-Wextra" "-std=c++11" "-Wno-unused-parameter" "-msse2" "-DZSTD=1" "-DNDEBUG=1" "-DOS_LINUX" "-DROCKSDB_PLATFORM_POSIX" "-DROCKSDB_LIB_IO_POSIX" "-DROCKSDB_SUPPORT_THREAD_LOCAL" "-o" "/opt/rustwide/target/debug/build/librocksdb-sys-3e0a2691b1ae9e03/out/rocksdb/db/compaction/compaction_job.o" "-c" "rocksdb/db/compaction/compaction_job.cc"
[INFO] [stderr]   exit status: 0
[INFO] [stderr]   cargo:warning=c++: fatal error: Killed signal terminated program cc1plus
[INFO] [stderr]   cargo:warning=compilation terminated.
[INFO] [stderr]   exit status: 1
[INFO] [stderr]   cargo:warning=c++: fatal error: Killed signal terminated program cc1plus
[INFO] [stderr]   cargo:warning=compilation terminated.
[INFO] [stderr]   exit status: 1
[INFO] [stderr]   exit status: 0
[INFO] [stderr]   cargo:warning=c++: fatal error: Killed signal terminated program cc1plus
[INFO] [stderr]   cargo:warning=compilation terminated.
[INFO] [stderr]   exit status: 1
[INFO] [stderr]   cargo:warning=c++: fatal error: Killed signal terminated program cc1plus
[INFO] [stderr]   cargo:warning=compilation terminated.
[INFO] [stderr]   exit status: 1
[INFO] [stderr]   cargo:warning=c++: fatal error: Killed signal terminated program cc1plus
[INFO] [stderr]   cargo:warning=compilation terminated.
[INFO] [stderr]   exit status: 1
[INFO] [stderr]   cargo:warning=c++: fatal error: Killed signal terminated program cc1plus
[INFO] [stderr]   cargo:warning=compilation terminated.
[INFO] [stderr]   exit status: 1
[INFO] [stderr]   exit status: 0
[INFO] [stderr]   exit status: 0
[INFO] [stderr] 
[INFO] [stderr]   --- stderr
[INFO] [stderr]   error: 'rustfmt' is not installed for the toolchain '9610dfe5a9a731ced1ea4923ecbd0c57fe367898'
[INFO] [stderr]   note: this is a custom toolchain, which cannot use `rustup component add`
[INFO] [stderr]   help: if you built this toolchain from source, and used `rustup toolchain link`, then you may be able to build the component with `x.py`
[INFO] [stderr]   Failed to run rustfmt: Internal rustfmt error (non-fatal, continuing)
[INFO] [stderr] 
[INFO] [stderr] 
[INFO] [stderr]   error occurred: Command "c++" "-O0" "-ffunction-sections" "-fdata-sections" "-fPIC" "-g" "-fno-omit-frame-pointer" "-m64" "-I" "rocksdb/include/" "-I" "rocksdb/" "-I" "rocksdb/third-party/gtest-1.8.1/fused-src/" "-I" "zstd/lib/" "-I" "zstd/lib/dictBuilder/" "-I" "." "-Wall" "-Wextra" "-std=c++11" "-Wno-unused-parameter" "-msse2" "-DZSTD=1" "-DNDEBUG=1" "-DOS_LINUX" "-DROCKSDB_PLATFORM_POSIX" "-DROCKSDB_LIB_IO_POSIX" "-DROCKSDB_SUPPORT_THREAD_LOCAL" "-o" "/opt/rustwide/target/debug/build/librocksdb-sys-3e0a2691b1ae9e03/out/rocksdb/db/arena_wrapped_db_iter.o" "-c" "rocksdb/db/arena_wrapped_db_iter.cc" with args "c++" did not execute successfully (status code exit status: 1).
[INFO] [stderr] 
[INFO] [stderr] 
[INFO] running `Command { std: "docker" "inspect" "431ce1bce3dd78ac459b5dfc5ef01c4f335d131e95d5eb360bbb27a74d3f466f", kill_on_drop: false }`
[INFO] running `Command { std: "docker" "rm" "-f" "431ce1bce3dd78ac459b5dfc5ef01c4f335d131e95d5eb360bbb27a74d3f466f", kill_on_drop: false }`
[INFO] [stdout] 431ce1bce3dd78ac459b5dfc5ef01c4f335d131e95d5eb360bbb27a74d3f466f
